{"id":1427,"date":"2024-07-22T15:24:47","date_gmt":"2024-07-22T13:24:47","guid":{"rendered":"https:\/\/www.vasa-leipzig.de\/web\/?page_id=1427"},"modified":"2024-07-23T07:36:13","modified_gmt":"2024-07-23T05:36:13","slug":"aktivitaeten","status":"publish","type":"page","link":"https:\/\/www.vasa-leipzig.de\/web\/home\/aktivitaeten\/","title":{"rendered":"Aktivit\u00e4ten"},"content":{"rendered":"\t\t<div data-elementor-type=\"wp-page\" data-elementor-id=\"1427\" class=\"elementor elementor-1427\">\n\t\t\t\t<div class=\"elementor-element elementor-element-708a2a45 e-flex e-con-boxed e-con e-parent\" data-id=\"708a2a45\" data-element_type=\"container\">\n\t\t\t\t\t<div class=\"e-con-inner\">\n\t\t\t\t<div class=\"elementor-element elementor-element-40f519d7 elementor-widget elementor-widget-text-editor\" data-id=\"40f519d7\" data-element_type=\"widget\" data-widget_type=\"text-editor.default\">\n\t\t\t\t<div class=\"elementor-widget-container\">\n\t\t\t\t\t\t\t\t\t<div class='pt-cv-wrapper'> <h3 class='pt-cv-heading-container heading1' data-blockid='k36yib3x'><span class='pt-cv-heading'> Grid <\/span><\/h3><div class=\"pt-cv-view pt-cv-blockgrid iscvblock iscvreal grid1 layout1\" id=\"pt-cv-view-k36yib3x\"><div data-id=\"pt-cv-page-1\" class=\"pt-cv-page\" data-cvc=\"3\"><div class=\" pt-cv-content-item pt-cv-1-col\" ><div class=\"pt-cv-thumb-wrapper  \"><a href=\"https:\/\/www.vasa-leipzig.de\/web\/vasa-vollversammlung-und-neuer-vorstand-gewaehlt\/\" class=\"_self pt-cv-href-thumbnail pt-cv-thumb-default\" target=\"_self\" ><img fetchpriority=\"high\" decoding=\"async\" width=\"768\" height=\"401\" src=\"https:\/\/www.vasa-leipzig.de\/web\/wp-content\/uploads\/2024\/07\/pexels-photo-3184418-3184418-768x401.jpg\" class=\"pt-cv-thumbnail\" alt=\"pexels-photo-3184418-3184418.jpg\" \/><\/a><\/div>\n<div class=\"pt-cv-taxoterm above_title\"><a href='https:\/\/www.vasa-leipzig.de\/web\/category\/veranstaltungen\/' title='Veranstaltungen' class='pt-cv-tax-veranstaltungen'>Veranstaltungen<\/a><\/div>\n<h4 class=\"pt-cv-title\"><a href=\"https:\/\/www.vasa-leipzig.de\/web\/vasa-vollversammlung-und-neuer-vorstand-gewaehlt\/\" class=\"_self\" target=\"_self\" >VASA Vollversammlung und Neuer Vorstand gew\u00e4hlt<\/a><\/h4>\n<div class=\"pt-cv-content\">Am 02. Juni 2024 fand die j\u00e4hrliche Vollversammlung unseres Vereins VASA statt. Wir freuen uns, Ihnen mitteilen zu k\u00f6nnen, dass ...<\/div>\n<div class=\"pt-cv-rmwrap\"><a href=\"https:\/\/www.vasa-leipzig.de\/web\/vasa-vollversammlung-und-neuer-vorstand-gewaehlt\/\" class=\"_self pt-cv-readmore btn btn-success\" target=\"_self\" >Weiterlesen\u00a0\u2026<\/a><\/div><\/div>\n<div class=\" pt-cv-content-item pt-cv-1-col\" ><div class=\"pt-cv-thumb-wrapper  \"><a href=\"https:\/\/www.vasa-leipzig.de\/web\/fests-2021\/\" class=\"_self pt-cv-href-thumbnail pt-cv-thumb-default\" target=\"_self\" ><img decoding=\"async\" width=\"429\" height=\"640\" src=\"https:\/\/www.vasa-leipzig.de\/web\/wp-content\/uploads\/2024\/07\/kids-4263581_640.jpg\" class=\"pt-cv-thumbnail\" alt=\"\" \/><\/a><\/div>\n<div class=\"pt-cv-taxoterm above_title\"><a href='https:\/\/www.vasa-leipzig.de\/web\/category\/veranstaltungen\/' title='Veranstaltungen' class='pt-cv-tax-veranstaltungen'>Veranstaltungen<\/a><\/div>\n<h4 class=\"pt-cv-title\"><a href=\"https:\/\/www.vasa-leipzig.de\/web\/fests-2021\/\" class=\"_self\" target=\"_self\" >Feier des Al-Adha-Fests 2021<\/a><\/h4>\n<div class=\"pt-cv-content\">Feier des Al-Adha-Fests 2021: Ein unvergessliches Gemeinschaftserlebnis Am 23. Juli 2021 feierte die Vereinigung Arabischer Studenten und Akademiker e.V. (VASA) ...<\/div>\n<div class=\"pt-cv-rmwrap\"><a href=\"https:\/\/www.vasa-leipzig.de\/web\/fests-2021\/\" class=\"_self pt-cv-readmore btn btn-success\" target=\"_self\" >Weiterlesen\u00a0\u2026<\/a><\/div><\/div><\/div><\/div> <\/div> <style>\n\n#pt-cv-view-k36yib3x .pt-cv-meta-fields {  }#pt-cv-view-k36yib3x .pt-cv-meta-fields * { font-size: 13px; }#pt-cv-view-k36yib3x .pt-cv-thumb-wrapper:not(.miniwrap) {  }#pt-cv-view-k36yib3x .pt-cv-thumbnail:not(.pt-cv-thumbnailsm) { height: 250px; }#pt-cv-view-k36yib3x .pt-cv-title a { display: block; }#pt-cv-view-k36yib3x .pt-cv-title:not(.pt-cv-titlesm) a { font-weight: 600;text-decoration: none;font-size: 20px; }#pt-cv-view-k36yib3x .pt-cv-titlesm a { font-weight: 600;font-size: 18px; }#pt-cv-view-k36yib3x .pt-cv-content { font-size: 15px; }#pt-cv-view-k36yib3x .pt-cv-rmwrap {  }#pt-cv-view-k36yib3x .pt-cv-readmore { color: #fff;background-color: #0075ff;font-size: 14px; }#pt-cv-view-k36yib3x .pt-cv-taxoterm {  }#pt-cv-view-k36yib3x .pt-cv-taxoterm * { color: #222;background-color: #fff6f6;font-size: 14px; }#pt-cv-view-k36yib3x + .pt-cv-pagination-wrapper {  }#pt-cv-view-k36yib3x + .pt-cv-pagination-wrapper a { font-size: 14px; }#pt-cv-view-k36yib3x > .pt-cv-page {grid-template-columns: repeat(3, 1fr);grid-gap: 20px;}\n@media all and (max-width: 1024px) { \n#pt-cv-view-k36yib3x > .pt-cv-page {}\n} \n@media all and (max-width: 767px) { \n#pt-cv-view-k36yib3x > .pt-cv-page {grid-template-columns: repeat(1, 1fr);}\n} <\/style>\t\t\t\t\t\t\t\t<\/div>\n\t\t\t\t<\/div>\n\t\t\t\t<div class=\"elementor-element elementor-element-605ab05 elementor-widget elementor-widget-contentviews_widget_grid1\" data-id=\"605ab05\" data-element_type=\"widget\" data-widget_type=\"contentviews_widget_grid1.default\">\n\t\t\t\t<div class=\"elementor-widget-container\">\n\t\t\t\t\t<div class='pt-cv-wrapper'> <div class='pt-cv-heading-container heading1' data-blockid='605ab05'><span class='pt-cv-heading'>  <\/span><\/div><div class=\"pt-cv-view pt-cv-blockgrid iscvblock iscvelementor grid1 layout1\" id=\"pt-cv-view-605ab05\"><div data-id=\"pt-cv-page-1\" class=\"pt-cv-page\" data-cvc=\"1\"><div class=\" pt-cv-content-item pt-cv-1-col\" ><div class=\"pt-cv-thumb-wrapper  \"><a href=\"https:\/\/www.vasa-leipzig.de\/web\/vasa-vollversammlung-und-neuer-vorstand-gewaehlt\/\" class=\"_self pt-cv-href-thumbnail pt-cv-thumb-default\" target=\"_self\" ><img decoding=\"async\" width=\"1024\" height=\"535\" src=\"https:\/\/www.vasa-leipzig.de\/web\/wp-content\/uploads\/2024\/07\/pexels-photo-3184418-3184418-1024x535.jpg\" class=\"pt-cv-thumbnail\" alt=\"pexels-photo-3184418-3184418.jpg\" \/><\/a><\/div>\n<div class=\"pt-cv-taxoterm above_title\"><a href='https:\/\/www.vasa-leipzig.de\/web\/category\/veranstaltungen\/' title='Veranstaltungen' class='pt-cv-tax-veranstaltungen'>Veranstaltungen<\/a><\/div>\n<h4 class=\"pt-cv-title\"><a href=\"https:\/\/www.vasa-leipzig.de\/web\/vasa-vollversammlung-und-neuer-vorstand-gewaehlt\/\" class=\"_self\" target=\"_self\" >VASA Vollversammlung und Neuer Vorstand gew\u00e4hlt<\/a><\/h4>\n<div class=\"pt-cv-content\">Am 02. Juni 2024 fand die j\u00e4hrliche Vollversammlung unseres Vereins VASA statt. Wir freuen uns, Ihnen mitteilen zu k\u00f6nnen, dass ...<\/div>\n<div class=\"pt-cv-rmwrap\"><a href=\"https:\/\/www.vasa-leipzig.de\/web\/vasa-vollversammlung-und-neuer-vorstand-gewaehlt\/\" class=\"_self pt-cv-readmore btn btn-success\" target=\"_self\" >Weiterlesen\u00a0\u2026<\/a><\/div>\n<div class=\"pt-cv-meta-fields\"><span class=\"entry-date\"> <time datetime=\"2024-07-17T13:12:53+02:00\">17.07.2024<\/time><\/span><span> \/ <\/span><span class=\"author\"> <a href=\"https:\/\/www.vasa-leipzig.de\/web\/author\/admin\/\" rel=\"author\">admin<\/a><\/span><\/div><\/div>\n<div class=\" pt-cv-content-item pt-cv-1-col\" ><div class=\"pt-cv-thumb-wrapper  \"><a href=\"https:\/\/www.vasa-leipzig.de\/web\/fests-2021\/\" class=\"_self pt-cv-href-thumbnail pt-cv-thumb-default\" target=\"_self\" ><img decoding=\"async\" width=\"429\" height=\"640\" src=\"https:\/\/www.vasa-leipzig.de\/web\/wp-content\/uploads\/2024\/07\/kids-4263581_640.jpg\" class=\"pt-cv-thumbnail\" alt=\"\" \/><\/a><\/div>\n<div class=\"pt-cv-taxoterm above_title\"><a href='https:\/\/www.vasa-leipzig.de\/web\/category\/veranstaltungen\/' title='Veranstaltungen' class='pt-cv-tax-veranstaltungen'>Veranstaltungen<\/a><\/div>\n<h4 class=\"pt-cv-title\"><a href=\"https:\/\/www.vasa-leipzig.de\/web\/fests-2021\/\" class=\"_self\" target=\"_self\" >Feier des Al-Adha-Fests 2021<\/a><\/h4>\n<div class=\"pt-cv-content\">Feier des Al-Adha-Fests 2021: Ein unvergessliches Gemeinschaftserlebnis Am 23. Juli 2021 feierte die Vereinigung Arabischer Studenten und Akademiker e.V. (VASA) ...<\/div>\n<div class=\"pt-cv-rmwrap\"><a href=\"https:\/\/www.vasa-leipzig.de\/web\/fests-2021\/\" class=\"_self pt-cv-readmore btn btn-success\" target=\"_self\" >Weiterlesen\u00a0\u2026<\/a><\/div>\n<div class=\"pt-cv-meta-fields\"><span class=\"entry-date\"> <time datetime=\"2021-07-25T11:29:23+02:00\">25.07.2021<\/time><\/span><span> \/ <\/span><span class=\"author\"> <a href=\"https:\/\/www.vasa-leipzig.de\/web\/author\/admin\/\" rel=\"author\">admin<\/a><\/span><\/div><\/div><\/div><\/div> <\/div> \t\t\t\t<\/div>\n\t\t\t\t<\/div>\n\t\t\t\t\t<\/div>\n\t\t\t\t<\/div>\n\t\t\t\t<\/div>\n\t\t","protected":false},"excerpt":{"rendered":"<p>Veranstaltungen VASA Vollversammlung und Neuer Vorstand gew\u00e4hlt Am 02. Juni 2024 fand die j\u00e4hrliche Vollversammlung unseres Vereins VASA statt. Wir freuen uns, Ihnen mitteilen zu k\u00f6nnen, dass &#8230; Weiterlesen\u00a0\u2026 17.07.2024 \/ admin Veranstaltungen Feier des Al-Adha-Fests 2021 Feier des Al-Adha-Fests 2021: Ein unvergessliches Gemeinschaftserlebnis Am 23. Juli 2021 feierte die Vereinigung Arabischer Studenten und Akademiker [&hellip;]<\/p>\n","protected":false},"author":1,"featured_media":0,"parent":540,"menu_order":0,"comment_status":"closed","ping_status":"closed","template":"","meta":{"site-sidebar-layout":"default","site-content-layout":"","ast-site-content-layout":"default","site-content-style":"default","site-sidebar-style":"default","ast-global-header-display":"","ast-banner-title-visibility":"","ast-main-header-display":"","ast-hfb-above-header-display":"","ast-hfb-below-header-display":"","ast-hfb-mobile-header-display":"","site-post-title":"","ast-breadcrumbs-content":"","ast-featured-img":"","footer-sml-layout":"","ast-disable-related-posts":"","theme-transparent-header-meta":"","adv-header-id-meta":"","stick-header-meta":"","header-above-stick-meta":"","header-main-stick-meta":"","header-below-stick-meta":"","astra-migrate-meta-layouts":"set","ast-page-background-enabled":"default","ast-page-background-meta":{"desktop":{"background-color":"","background-image":"","background-repeat":"repeat","background-position":"center center","background-size":"auto","background-attachment":"scroll","background-type":"","background-media":"","overlay-type":"","overlay-color":"","overlay-opacity":"","overlay-gradient":""},"tablet":{"background-color":"","background-image":"","background-repeat":"repeat","background-position":"center center","background-size":"auto","background-attachment":"scroll","background-type":"","background-media":"","overlay-type":"","overlay-color":"","overlay-opacity":"","overlay-gradient":""},"mobile":{"background-color":"","background-image":"","background-repeat":"repeat","background-position":"center center","background-size":"auto","background-attachment":"scroll","background-type":"","background-media":"","overlay-type":"","overlay-color":"","overlay-opacity":"","overlay-gradient":""}},"ast-content-background-meta":{"desktop":{"background-color":"var(--ast-global-color-5)","background-image":"","background-repeat":"repeat","background-position":"center center","background-size":"auto","background-attachment":"scroll","background-type":"","background-media":"","overlay-type":"","overlay-color":"","overlay-opacity":"","overlay-gradient":""},"tablet":{"background-color":"var(--ast-global-color-5)","background-image":"","background-repeat":"repeat","background-position":"center center","background-size":"auto","background-attachment":"scroll","background-type":"","background-media":"","overlay-type":"","overlay-color":"","overlay-opacity":"","overlay-gradient":""},"mobile":{"background-color":"var(--ast-global-color-5)","background-image":"","background-repeat":"repeat","background-position":"center center","background-size":"auto","background-attachment":"scroll","background-type":"","background-media":"","overlay-type":"","overlay-color":"","overlay-opacity":"","overlay-gradient":""}},"footnotes":""},"_links":{"self":[{"href":"https:\/\/www.vasa-leipzig.de\/web\/wp-json\/wp\/v2\/pages\/1427"}],"collection":[{"href":"https:\/\/www.vasa-leipzig.de\/web\/wp-json\/wp\/v2\/pages"}],"about":[{"href":"https:\/\/www.vasa-leipzig.de\/web\/wp-json\/wp\/v2\/types\/page"}],"author":[{"embeddable":true,"href":"https:\/\/www.vasa-leipzig.de\/web\/wp-json\/wp\/v2\/users\/1"}],"replies":[{"embeddable":true,"href":"https:\/\/www.vasa-leipzig.de\/web\/wp-json\/wp\/v2\/comments?post=1427"}],"version-history":[{"count":8,"href":"https:\/\/www.vasa-leipzig.de\/web\/wp-json\/wp\/v2\/pages\/1427\/revisions"}],"predecessor-version":[{"id":1480,"href":"https:\/\/www.vasa-leipzig.de\/web\/wp-json\/wp\/v2\/pages\/1427\/revisions\/1480"}],"up":[{"embeddable":true,"href":"https:\/\/www.vasa-leipzig.de\/web\/wp-json\/wp\/v2\/pages\/540"}],"wp:attachment":[{"href":"https:\/\/www.vasa-leipzig.de\/web\/wp-json\/wp\/v2\/media?parent=1427"}],"curies":[{"name":"wp","href":"https:\/\/api.w.org\/{rel}","templated":true}]}}